-2021
What is 2b (base 13) in base 12?
31
What is 5324 (base 8) in base 11?
20a0
Convert -3115 (base 7) to base 8.
-2102
Convert -100011011 (base 2) to base 12.
-1b7
14202 (base 8) to base 3
22121101
What is -20311100 (base 4) in base 16?
-8d50
What is -37463 (base 9) in base 14?
-9259
What is -4b97 (base 13) in base 6?
-121511
Convert -7666 (base 8) to base 15.
-12d2
What is 102221212 (base 3) in base 9?
12855
3448 (base 10) to base 9
4651
-3124 (base 6) to base 16
-2bc
Convert a3 (base 16) to base 12.
117
What is -21120 (base 4) in base 14?
-30c
What is -2314 (base 5) in base 3?
-110101
6654 (base 12) to base 14
418c
What is 839a (base 13) in base 15?
55e0
What is -1330202 (base 4) in base 3?
-101221012
Convert -1054 (base 8) to base 5.
-4211
-111100110 (base 2) to base 10
-486
Convert -61ed (base 15) to base 13.
-9562
Convert -2130 (base 7) to base 3.
-1001000
-7a (base 15) to base 10
-115
What is 1101110110000 (base 2) in base 3?
100201112
Convert -4201 (base 5) to base 2.
-1000100111
Convert -120220 (base 3) to base 14.
-229
Convert -21420 (base 6) to base 9.
-4053
What is -10234 (base 5) in base 14?
-378
10002212 (base 3) to base 8
4330
-1441 (base 7) to base 11
-477
10836 (base 9) to base 10
7242
Convert 5718 (base 12) to base 11.
729a
Convert -312 (base 8) to base 7.
-406
165 (base 7) to base 10
96
Convert 1835 (base 16) to base 3.
22111112
a9c (base 14) to base 5
31343
2920 (base 11) to base 7
14000
What is 2300 (base 4) in base 13?
107
Convert 3102 (base 10) to base 13.
1548
What is 6cbb (base 14) in base 9?
28030
-289 (base 11) to base 12
-243
Convert 48a9 (base 16) to base 11.
12a80
-177 (base 13) to base 6
-1123
What is -2012200210 (base 3) in base 6?
-533250
Convert -30a0 (base 11) to base 2.
-1000000000111
What is 1110101 (base 2) in base 11?
a7
18d46 (base 14) to base 3
10012101112
148a4 (base 12) to base 3
1110200021
What is -3db (base 14) in base 10?
-781
What is -1606 (base 13) in base 5?
-100332
What is -3167 (base 10) in base 15?
-e12
12011202 (base 3) to base 4
322331
What is -2b (base 12) in base 2?
-100011
1007 (base 9) to base 15
341
-7b5e (base 15) to base 10
-26189
Convert -132 (base 8) to base 14.
-66
What is -15221 (base 9) in base 4?
-2202103
168 (base 9) to base 10
143
-1741 (base 12) to base 9
-3734
Convert 1230 (base 11) to base 8.
3106
What is -23111 (base 4) in base 12?
-505
What is 33025 (base 10) in base 11?
228a3
What is -25433 (base 7) in base 13?
-30b3
-2514 (base 6) to base 9
-761
What is 2976 (base 10) in base 2?
101110100000
Convert 4135 (base 6) to base 10.
923
23142 (base 8) to base 9
14427
-430 (base 6) to base 15
-ac
Convert -2052 (base 6) to base 15.
-20e
-c85d (base 14) to base 5
-2101304
What is 1d (base 14) in base 15?
1c
What is 10110111110 (base 2) in base 15?
680
10010101011 (base 2) to base 12
837
-12121111 (base 3) to base 4
-333322
7c7 (base 15) to base 11
1362
What is 10220 (base 4) in base 16?
128
What is 53e (base 15) in base 12?
828
What is -202 (base 14) in base 6?
-1454
Convert -160c6 (base 14) to base 5.
-3230204
What is -7136 (base 8) in base 16?
-e5e
Convert -101212 (base 3) to base 13.
-197
1102550 (base 6) to base 12
27a56
What is 10011101 (base 3) in base 15?
a3a
What is -10166 (base 7) in base 2?
-100111000010
16504 (base 7) to base 14
1a04
Convert -15111 (base 7) to base 14.
-1741
45702 (base 8) to base 2
100101111000010
111143 (base 5) to base 9
5338
Convert b (base 15) to base 7.
14
Convert -2552 (base 16) to base 6.
-112122
What is -11435 (base 9) in base 15?
-23eb
-2b82 (base 13) to base 4
-1203113
Convert -1172 (base 11) to base 2.
-10111111011
Convert -1a2f (base 16) to base 8.
-15057
Convert -103123 (base 7) to base 9.
-26501
Convert -340403 (base 6) to base 8.
-67763
What is -1421 (base 6) in base 8?
-565
-5115 (base 7) to base 14
-90c
What is 202 (base 3) in base 7?
26
-625 (base 11) to base 15
-353
-1101100011111000 (base 2) to base 7
-320636
Convert -13705 (base 8) to base 7.
-23512
What is 21123 (base 5) in base 9?
1840
Convert 184 (base 15) to base 4.
11131
What is 6151 (base 10) in base 7?
23635
102131 (base 5) to base 3
11200112
What is a742 (base 13) in base 12?
1151b
Convert 343 (base 8) to base 3.
22102
-5 (base 10) to base 15
-5
Convert 23557 (base 8) to base 6.
114423
Convert -11120231 (base 4) to base 13.
-a070
What is 10174 (base 10) in base 9?
14854
316 (base 16) to base 15
37a
What is 11012002 (base 3) in base 13?
150b
-23004 (base 5) to base 11
-1251
-624 (base 9) to base 14
-284
-7d7 (base 15) to base 7
-5116
-11101011001 (base 2) to base 4
-131121
-fc3 (base 16) to base 6
-30403
What is -1020020 (base 4) in base 10?
-4616
12002 (base 4) to base 11
321
10122 (base 8) to base 14
1746
-110101101 (base 2) to base 16
-1ad
What is 1110101100001011 (base 2) in base 3?
10001112120
-20231031 (base 4) to base 8
-105515
-10100001011 (base 2) to base 4
-110023
Convert 10020020 (base 3) to base 14.
c03
-23041 (base 8) to base 7
-40313
Convert -460 (base 12) to base 3.
-220000
What is 1110000100 (base 3) in base 2?
110111100011000
-857 (base 11) to base 10
-1030
Convert -1c3 (base 13) to base 10.
-328
Convert 3221310 (base 4) to base 16.
3a74
7220 (base 10) to base 2
1110000110100
Convert b3 (base 16) to base 8.
263
What is 3478 (base 9) in base 10?
2582
Convert 1a8b (base 14) to base 2.
1001011011011
Convert -a03 (base 12) to base 6.
-10403
-20330222 (base 4) to base 14
-d4dc
Convert -3284 (base 14) to base 7.
-34324
What is 1220001100 (base 3) in base 5?
2142330
What is -1117 (base 14) in base 5?
-43321
What is 2326 (base 14) in base 8?
13736
What is -4866 (base 15) in base 9?
-23106
12244 (base 5) to base 9
1264
-4310 (base 11) to base 7
-22420
What is -1000100110111 (base 2) in base 13?
-2010
What is 10102111 (base 3) in base 5?
34442
Convert -13153 (base 6) to base 5.
-31023
444220 (base 5) to base 4
3303020
-2e00 (base 15) to base 7
-40602
What is -1012210101 (base 3) in base 7?
-126460
Convert 24 (base 8) to base 7.
26
Convert 1010002002 (base 3) to base 13.
9c98
What is 1ba37 (base 12) in base 14?
1104b
What is -85 (base 15) in base 12?
-a5
-2220210020 (base 3) to base 6
-1121523
Convert 1110210 (base 5) to base 6.
225542
194b (base 15) to base 13
264b
What is 6 (base 11) in base 13?
6
435 (base 16) to base 10
1077
Convert -24a2 (base 11) to base 15.
-e73
What is -615 (base 8) in base 6?
-1501
aa4 (base 11) to base 14
6a8
123 (base 14) to base 12
16b
Convert -4448 (base 13) to base 12.
-5618
-29aa8 (base 11) to base 9
-64371
What is 355 (base 6) in base 5?
1033
3003100 (base 4) to base 5
344441
-aa22 (base 11) to base 5
-431134
What is 3b6 (base 15) in base 11?
6aa
What is 101133 (base 5) in base 13?
1664
-1855 (base 10) to base 2
-11100111111
-11770 (base 10) to base 13
-5485
2abe (base 16) to base 6
122354
What is -13353 (base 6) in base 15?
-940
-4a55 (base 15) to base 9
-23638
20b0 (base 13) to base 7
16141
-161b6 (base 12) to base 5
-2001021
Convert -286 (base 15) to base 11.
-484
111312 (base 4) to base 11
1061
What is 530103 (base 6) in base 9?
64643
Convert 2041 (base 5) to base 15.
131
-201002201 (base 3) to base 11
-a509
Convert 16651 (base 9) to base 16.
2ccb
What is 1563 (base 16) in base 15?
1950
Convert -701e (base 15) to base 3.
-1012110002
What is 3213 (base 5) in base 11?
364
Convert 341430 (base 5) to base 9.
17551
What is -26b (base 14) in base 9?
-601
-42112 (base 9) to base 8
-66222
76c4 (base 13) to base 11
11489
-5a (base 13) to base 5
-300
Convert 15325 (base 6) to base 15.
b1b
What is -676 (base 9) in base 2?
-1000101011
-5020 (base 6) to base 14
-580
Convert -758 (base 13) to base 3.
-1201112
Convert -17706 (base 8) to base 11.
-6125
What is -100211 (base 3) in base 15?
-12a
3047 (base 13) to base 9
10108
What is 164 (base 16) in base 8?
544
Convert -812 (base 11) to base 15.
-456
What is -2110021111 (base 3) in base 9?
-73244
What is -1012021 (base 3) in base 11?
-722
Convert -19052 (base 10) to base 12.
-b038
What is -104342 (base 5) in base 3?
-12002212
3658 (base 11) to base 7
16641
Convert 1074 (base 10) to base 11.
897
550 (base 12) to base 2
1100001100
-2b1c (base 14) to base 9
-11462
4319 (base 12) to base 7
30321
-4c9 (base 16) to base 11
-a14
Convert 113222 (base 4) to base 7.
4262
What is -3303 (base 4) in base 